 -31 + 3
-9
Evaluate (-1 - (-4 + 2)) + 42 + -104 + 39.
-22
2 + 1 + 1 + (-106 - -103) - 13
-12
18 + -27 - (0 + -2 - -2)
-9
Evaluate 2 + (5 - 10) + 7 + -7.
-3
Calculate 21 - (-7 - (-3 - (3 - -6))).
16
Calculate 68 + -76 + -2 + 4.
-6
-10 - (1 + -9) - 3 - (-6 + -3)
4
What is the value of (160 - 145) + (-1 - 6)?
8
What is -2 - ((-1 + -5 - (-16 - -13)) + 6)?
-5
What is (39 - 30) + -3 + -1?
5
Evaluate 2 - -10 - (-81 + 105).
-12
-11 + -8 + 19 - (6 - 0)
-6
Calculate 1 + -33 - (56 + -86).
-2
Evaluate 8 + (-5 - 8) - -10.
5
What is the value of -5 + 3 + (1 - 11) + 7?
-5
What is the value of (-2 - (3 - 13)) + (102 - 96)?
14
What is 49 + -39 + 17 + (-3 - (-3 + -9))?
36
What is 423 + -420 - (-9 + 2 + -1)?
11
Calculate 5 - (1 + -4 + 0 + (-6 - -8)).
6
Calculate -15 - -10 - (-6 - 19).
20
Evaluate -10 + -12 + 11 - -8.
-3
Evaluate -1 + (6 - 7 - 2 - -6) - -4.
6
Calculate (3 - (15 - (7 + 2))) + 7 - -18.
22
Evaluate 3 + 12 + -10 - 11.
-6
24 + (-37 - -25) + 2 + -11
3
What is -43 + (15 + -52 - -74)?
-6
-40 - -29 - (-3 + -8)
0
51 + -38 + -5 + -3
5
What is (-5 - -15) + -25 - -5?
-10
-3 - (-17 + (2 - -26))
-14
What is the value of -9 + 17 + 8 + -22?
-6
What is the value of (-99 - -104) + (-15 - -1) + 2 + -16?
-23
Calculate (-603 - -609) + (1 - 1 - -20).
26
15 - (-13 + 3 + 12)
13
What is the value of 5 + 4 + (8 - 43) + -2 + 4?
-24
What is the value of ((-6 - -5) + -2 - (-11 + 0)) + -36?
-28
What is the value of 11 + (-18 - -18 - 1)?
10
Evaluate -2 + 4 + (-7 - -8) + 5.
8
Evaluate 26 - 37 - (7 - (5 - -11) - -2).
-4
Evaluate -226 + 225 - (-10 + -1 + 0) - 9.
1
Evaluate (-22 - 1) + (25 - (14 - -7)).
-19
Calculate 11 + 2 + -3 + 1223 + -1208.
25
Evaluate 1 - (15 + (-4 - -15)).
-25
What is (0 - (0 + -2)) + 6 + 16 + -34?
-10
Evaluate -4 + (-7 + 3 - (4 - 2)).
-10
-12 + 16 - (-38 + 55)
-13
Evaluate 22 - (25 + (-36 - 2)).
35
What is the value of (1 - (-5 - -5)) + (-6 - -1)?
-4
11 + -8 - (-11 - (4 + -13))
5
(12 - 3 - 4) + (-2 - (-1 + 4))
0
-56 + (0 - -37) - -7
-12
Evaluate -1 + -11 - 0 - (-3528 + 3507).
9
Evaluate (0 - (0 + -2)) + (-1 - 4) + 4.
1
-11 - ((10 - 36) + 13)
2
What is the value of -560 + 546 + 13 + 1?
0
What is the value of 1 - -14 - (253 - 231)?
-7
Evaluate 34 - 34 - (8 + 2).
-10
0 - -7 - (-7 - (-10 + 23 + -28))
-1
What is the value of 0 + 4 + -2 + (-1 - 6) - -1?
-4
What is the value of 1 - -2 - (30 + 1 - 17)?
-11
Calculate 0 + -8 - (-4 - -5 - -1).
-10
6 - 4 - (-17 + 20 - (-5 + 1))
-5
What is 3 - (4 + (12 - 11) - 21) - 7?
12
Evaluate (4 - 1 - -14) + (89 - 95).
11
What is -353 + 388 - (1 + 38)?
-4
Calculate 101 - 114 - (2 - 12).
-3
What is (-9 - (1 - (-4 + 11))) + 6 + -4?
-1
What is -1 - ((-11 - -8 - -4) + 4 + -1)?
-5
What is 23 + -27 - (1 + 8)?
-13
Calculate (-34 - -8) + -36 + 44.
-18
What is -9 - -12 - 21 - (-6 + (-2 - -10))?
-20
What is the value of (-57 - (-21 - 15)) + 22?
1
Evaluate -41 + (37 - (-17 - -23)).
-10
-104 + 107 - (0 - -1 - (0 + -15))
-13
(21 - -2) + (8 - -1) - (34 + -27)
25
Calculate 726 + -701 + (-1 - 27).
-3
Evaluate 1 + -9 + -8 + 20.
4
Evaluate -3 + -5 + (-122 - -127).
-3
Calculate 42 + 16 + -28 - 34.
-4
What is the value of -9 + -1 - (16 - (20 - 0) - 3)?
-3
Evaluate 0 + (-28 - -1) + -4 - (-40 - -39).
-30
1 + 7 - (-65 + 63 - (7 - 1))
16
What is 35 + (-67 - (-39 - -18))?
-11
(10 + (-10 - -8) - 9) + -15
-16
What is the value of -21 + (21 - (21 - 12) - 3)?
-12
What is the value of 0 + (-4 - (-6 + 1)) + -5?
-4
What is the value of 7 + (-8 - (4 - 9))?
4
Calculate 3 - 2 - -4 - (16 - (0 + -6)).
-17
9 + (2 - -9) + -7 - 25
-12
Calculate 1 - -4 - (1 + 48 + -28).
-16
What is (-4 - 1) + 24 + -19 - (51 + -71)?
20
Evaluate -22 + -8 + (2 - (14 - 8 - 8)).
-26
Calculate (49 - 0) + -24 + -43.
-18
What is the value of -7 + (-4 - -6) + (8 + -11 - 3)?
-11
What is -7 + (-4 - (-2 - 5) - (-4 - -9))?
-9
Calculate (7 - -9) + 8 + -24.
0
Calculate 12 - (14 + (-4 - 9)).
11
8 + (1 - -22) + 21 + -19
33
What is the value of (2 + -18 - (83 + -92)) + 6 - 16?
-17
Calculate -6 + 5 - -9 - 23.
-15
What is 2 + -5 + (-11 - 4) + 3 + 8?
-7
Evaluate -7 + (7 - (12 + 7)) + 36.
17
What is the value of (7 - 25) + 8 - 8?
-18
Evaluate -10 + (-13 - 0 - -18) - (3 - 0).
-8
Evaluate -4 + 11 + -3 + 45 + -40.
9
-12 + (-10 - -31 - (1 + -8))
16
Calculate 8 - -22 - 63 - -27.
-6
What is the value of 0 - (-7 + -4 - -15 - 2)?
-2
(-2 - -7) + 13 + -5 - (-2 - -7)
8
What is the value of (-67 - -79) + (-12 - 0 - -3)?
3
What is the value of 4 - 9 - 14 - -8 - (1 + -5)?
-7
Calculate -16 - (-4 + 2 - 9 - -2).
-7
(23 - (2 - -8)) + 3
16
-10 - ((-1 - -6) + -115 + 91)
9
6 + -1 + (-67 - (53 + -105))
-10
Calculate -10 - (-169 + 155 + (-8 - 0)).
12
Evaluate -11 - (-1 + 8 + -3 + 0 + 7).
-22
What is the value of (36 - 25) + (3 - 1)?
13
Evaluate (1 - (3 + -2)) + 228 + -251.
-23
Calculate -2 + -10 + 14 - 14.
-12
What is -16 + -5 - (-8 + -2)?
-11
Calculate 17 + -13 + (-13 + 10 - -21).
22
2 - (-17 - 8 - -20)
7
What is -4 + -15 + 22 + 6 + -16?
-7
Evaluate (-21 - (-11 - -5)) + -5 + 6.
-14
3 + 1 + 5 + (-9 - -1) + -15
-14
Evaluate 37 + -20 - (-11 - -21).
7
Calculate -23 - (4 + 9 + -12 + 18 + -12).
-30
Calculate (9 - -3 - 3) + -49 + 40.
0
(15 - (-14 - -8)) + (-5 - (-1 - 1))
18
Calculate (-4 - -2) + 11 + (-14 + -14 - -13).
-6
What is (-5 + 7 - 17 - -9) + 0?
-6
What is (-54 - -77 - 27) + (-3 - 0)?
-7
What is -28 + 2 - (-14 - 8)?
-4
What is 1 - (-1 - -41) - (62 + -121 + 59)?
-39
What is the value of -17 + 10 + 7 - -2?
2
79 + -62 - (19 + 0)
-2
0 - (43 + -33 + -9)
-1
What is the value of 7 - ((-4 + 6 - -8) + -11)?
8
7 - (68 + -32) - (6 + -4)
-31
Calculate -1 + 5 + -11 + 4 + 3 + 8.
8
Calculate 5 - (-2 + 32 + -28 + (4 - 2)).
1
What is the value of (6 - (-12 - -8)) + -7?
3
What is -5 + 1 + 0 + -30 + 31 + -6?
-9
Evaluate -2 + (0 - 13) + 28.
13
What is the value of 11 + (14 + -9 - (10 + (1 - 5)))?
10
Evaluate 172 + -130 - (14 + -1) - 13.
16
What is 1 - -19 - ((6 - 4) + -1 + 3)?
16
Evaluate (5 - 1) + -1 + -5 - -1.
-1
Evaluate -6 + (-2 - -15) + (10 - 1).
16
Calculate 0 + 9 + 0 - (115 - 111).
5
Evaluate -24 - (-14 + (14 - 12)).
-12
What is 1 + 2 + (30 - 24) + 0 + -4?
5
Evaluate 10 + 6 - (4 + -15 + 3).
24
Evaluate -28 + 1 - (-303 - -268).
8
Calculate 0 + -3 + 17 - (7 - (-10 - -21)).
18
Evaluate (2 - -27) + (877 - 904).
2
What is (1 - 2) + 18 + 7 + -10?
14
-28 - -38 - 4 - (-5 + (-1 - 0))
12
Evaluate 12 + -5 - 11 - -33.
29
Calculate (-5 - (-1 - -1)) + -22 + 69 + -29.
13
What is the value of (2 - -7) + (-6 - -2) - (-1 - -2)?
4
What is (18 - (-2 + -1 - -11)) + 3?
13
Calculate 41 - 7 - 55 - (-8 + -1 + 2).
-14
-22 + 17 + 17 + -3
9
What is the value of 5 + -2 + (9 - 8) - 21 - -4?
-13
13 - (4 - (9 + -12))
6
What is the value of -70 - -45 - (-1 - 23)?
-1
Calculate (-22 - -9 - 33 - -4) + 7.
-35
What is -3 - (-10 + (-4 - -2) + (0 - -4))?
5
Evaluate -24 - -90 - 25 - (2 + -4 + 13).
30
What is -26 + 47 + 7 - -10?
38
What is the value of (1 - 1) + -4 - (-18 - -14 - -4)?
-4
Evaluate (8 - 0) + 2 - (-4 + (1 - 1)).
14
What is the value of (-6 - (6 - 6)) + -2 + 18 + -14?
-4
What is the value of 2 + 1 - (-62 - -55) - (9 - 2)?
3
Calculate 23 + -3 - (-23 - -39 - 9).
13
What is the value of -2 - (2 + -3 - 8 - (3 + 1))?
11
Evaluate 14 + (-16 + 2 - 9).
-9
-329 + 334 + (-27 - 1)
-23
Evaluate -4 - (0 + 0 - (-42 - -47)).
1
Calculate (-415 - -425) + (-1 - 22).
-13
What is 1 - ((142 - 159) + (-1 - -7))?
12
What is the value of 9 + -6 + -10 + 1 + (1 - 1)?
-6
Evaluate -1 + (-22 + -12 - -19 - (0 - 4)).
-12
What is the value of (-55 - -75 - (1 - 17)) + -7?
29
What is -8 + (-23 - -35) + (-28 - (-1 - 2))?
-21
What is 0 + (-3 - (-3 - (-4 - 1 - -7)))?
2
What is 1 - (2 + 4) - (5 + 6)?
-16
What is (1 - (-13 + -1)) + 10700 + -10681?
34
Calculate (0 - 4 - (67 - 71)) + 12 + 2.
14
12 + 3 + (-10 - -26 - 16)
15
Evaluate 11 + (-33 + -2 - -14).
-10
Evaluate (-3 - 3) + -10 + 2 + (3 - -2).
-9
What is the value of (97 - 75) + (0 - 38)?
-16
Evaluate -12 + 20 + (-8 + 5 - 5).
0
Calculate (4 - (-26 - -11)) + 2 + 8 - 10.
19
Calculate -1 + -27 - (-34 - (-18 - 6)).
-18
10 + (-1 + -1 + 1 - (-73 - -68))
14
Calculate 0 + -5 + 15 + -24.
-14
What is the value of 6 + 15 + -47 + 16?
-10
-37 + 58 + (-47 - -26)
0
20 + (15 + -19 - 6)
10
What is the value of 19 - -2 - -3 - (1 + -16)?
39
What is the value of 30 - ((-22 - -26) + 14)?
12
Calculate 8 - (-8 + 8) - 3 - -6.
11
Evaluate (-10 + 5 - -10) + (-1 - -14).
18
Calcula